 Give s(p).
2
Let x(z) = -z**2 - 7*z + 4. Suppose -345*n + 342*n = 18. Determine x(n).
10
Let h(g) = g**2 - 9*g + 13. Let w(j) = j**3 + 23*j**2 + 130*j + 11. Let r be w(-13). Give h(r).
35
Suppose 0 = -17*z + 15*z - 14. Let b(c) = -2*c + 10. Calculate b(z).
24
Let t(q) be the first derivative of 3*q**2/2 + 3*q - 62. Determine t(7).
24
Let b(q) = q - q**3 - 2*q + q + 2*q**2 + 40 - 39. Let x be (1 - -1) + 1 + 0. Determine b(x).
-8
Let z = -390 - -389. Let x(i) = -36*i. Give x(z).
36
Let f(b) = 3*b**2 + 2*b + 37. Let d(v) = -2*v**2 - 2*v. Let m(z) = -2*d(z) - f(z). What is m(5)?
-2
Let n(q) = q**2 - 2*q + 3. Let k be n(2). Suppose -k*t - 4 = -22. Let z(x) = -5. Let i(f) = 3*f - 60. Let m(b) = -i(b) + 12*z(b). What is m(t)?
-18
Suppose 1371 = -5*q + 1376. Let z(t) = 9*t**2 + 2*t + 1. What is z(q)?
12
Let v be (0 - 6)/(5 + -14 + 7). Let l(o) = -2*o - v*o - 9*o. Determine l(-1).
14
Suppose 3*z - 6*z + 4*n - 10 = 0, 0 = 2*z - 4*n + 12. Let m be 2*4/(-8)*-5. Let d(t) = 1 - 3*t**z - t**2 + m*t**2. What is d(-1)?
2
Let i(v) = v**3 + 3*v**2 - 6*v - 2. Let h be (55/(-15) + 5)/(1/(-3)). Let g be (-1 + 2/h)/(42/112). Determine i(g).
6
Let w(q) = -4*q + 343*q**2 - 689*q**2 + 347*q**2 - 10. Calculate w(7).
11
Let q be (-3)/2*(-10 - -4). Let w(n) = -n**2 + 8*n + 11. Let r be w(q). Let z(c) = -c**r + 3*c + 4*c - 4*c. Calculate z(3).
0
Let m(w) = 2*w - 7. Suppose 0*n - n + 10 = 0. Let v be n + -2 - 3*1. Calculate m(v).
3
Let p(i) = i**2 - 5. Suppose -3*j + 21 + 36 = 0. Suppose -j = -5*n + 2*q - 5, 4*q = 12. Calculate p(n).
11
Suppose 2 = 5*t - 13. Let w(b) = -10*b + 5*b + 13*b - b**t + 5 + 7*b**2 + 0*b**2. Determine w(8).
5
Let z(x) = -8*x + 11. Let q(g) = 7*g - 10. Let w(o) = -7*q(o) - 6*z(o). Suppose 0*p - 12 = -3*p, 5*p = -5*c + 35. Calculate w(c).
1
Let o = -6 + 5. Let m(x) be the third derivative of 5*x**4/12 - 27*x**2 - 1. Calculate m(o).
-10
Let u be (-19)/(-4) + 1/4. Let g(q) be the third derivative of q**5/60 - q**4/8 - q**3/2 - 304*q**2. Calculate g(u).
7
Suppose -3*d = -5*x + 12 - 2, 2*x - 4 = -4*d. Suppose d = 10*q - 6*q - 48. Let z be 1/((-2 - 2)/q). Let y(n) = n**3 + 3*n**2. What is y(z)?
0
Let t(z) = -z**3 - z**2 + 4*z. Let b(g) = -g**3 - 2*g**2 + 5*g. Let m(q) = 4*b(q) - 5*t(q). Suppose -v + 5*o + 13 = 0, o + 10 = 5*v - 7. Calculate m(v).
0
Let z(g) = g**2 + g - 2. Let n be z(0). Let l be (50/(-15))/(n/3). Let o(m) be the third derivative of -m**5/60 + 5*m**4/24 + m**3/6 - 11*m**2. Calculate o(l).
1
Let s(f) = -2*f**2 + 25*f - 11. Let l be s(12). Let j(g) = g. Let y(q) = -9*q - 1. Let o = 4 + 1. Let h(u) = o*j(u) + y(u). Calculate h(l).
-5
Let s(d) = -2*d + 390 - 99 - 103 - 100 - 98. Determine s(8).
-26
Let d(o) = 3 + 19*o**2 + 9*o - 38*o + 11*o + 11*o + 9*o. What is d(-1)?
20
Let q be -4 + -1 + 1*(-2 + -1). Let l(t) = -t - 3. Give l(q).
5
Let y = 61 - 56. Let h(l) = 68*l + y*l**2 + 4 - 5 - 66*l. What is h(1)?
6
Let b be 2*(159/42 + 2/(-7)). Let r(d) = b + 12*d**2 + 2 - d**3 - 2 - 6*d - 4*d**2. What is r(7)?
14
Suppose 56 = -3*x + 62. Let b(n) = -6 + x + n - 6 + 8. Let l be (-2)/(-9) + 2/(-9). Determine b(l).
-2
Let t(x) = x**2 - 3*x - 3. Let a(c) be the first derivative of 2*c**2 - 4. Let k be a(3). Let y be (46/69)/(2/k). Give t(y).
1
Let i(j) = -2*j**2 + 12*j - 8. Let k(a) = -a**2 - 1. Let g(n) = i(n) - k(n). Calculate g(12).
-7
Let x be 0/(-3 - (-3 + 1)). Let k(w) be the first derivative of 1/2*w**2 + 2*w + 1. Determine k(x).
2
Suppose 90*k = 88*k. Let y be (k*(-2)/(1 + -7))/3. Let m(j) be the first derivative of j**4/4 + j**3/3 + j**2/2 - 5*j + 3. Give m(y).
-5
Let q(d) = 22*d - 2. Let m(b) = 104*b + 207. Let v be m(-2). What is q(v)?
-24
Let z(d) = -d - 10. Let s = 443 - 451. What is z(s)?
-2
Let n(v) = -v**2 - 6*v - 3. Let d(p) = p**3 + 12*p**2 - p - 17. Let i be (-4)/((-32)/(-20))*-2. Let u be ((-12)/i)/((-1)/(-5)). Let k be d(u). Determine n(k).
2
Let a(m) = -m**3 + 5*m**2 + 11*m - 6. Let s = 111 - 98. Suppose -2*d = -s*d + 77. Determine a(d).
-27
Suppose -20 = 4*l - 9*l, 0 = 3*y + 3*l - 21. Suppose 0 = 3*p + 12, -3*h = -y*p - 8 - 4. Suppose h = -5*a + 16 + 9. Let g(w) = -w**2 + 4*w - 5. Give g(a).
-10
Let o(f) = 6*f + 3. Let t(a) = 5*a + 4. Suppose 51 - 6 = -5*r - 5*b, 4*b = 5*r. Let d(w) = r*o(w) + 3*t(w). Give d(1).
-9
Suppose 7*y + 25 = 2*y. Let n(l) = -l - 3. Let c(j) = 1 - 2631*j + 6 + 2633*j. Let b(k) = 4*c(k) + 7*n(k). Determine b(y).
2
Let g be (182/21 + -10)*-9. Let d(h) = -2*h + 16. Give d(g).
-8
Suppose 0 = -7*k + 2*k + 5. Let c(i) = -i + 1. Let t(a) = -6*a**2 - 4*a + 5. Let n(d) = -5*c(d) + t(d). Give n(k).
-5
Let z(v) be the third derivative of v**5/60 - v**4/12 + v**3/6 + 3*v**2 + 18. What is z(2)?
1
Let t(c) = 5*c**2 - 14*c + 17. Let z(s) = 4*s**2 - 12*s + 16. Let j(h) = -3*t(h) + 4*z(h). Determine j(6).
13
Let t(s) be the first derivative of s**3/3 + s**2 - 6*s - 6. Let v(r) = r**3 - 5*r**2 + 2*r + 7. Let c be v(3). Calculate t(c).
9
Let g(t) = -t - 8. Let p = 183 + -185. Give g(p).
-6
Let c = -156 + 163. Let d(y) be the second derivative of -y**3/6 + 2*y**2 + y. Let s be d(c). Let l(m) = -m - 1. Give l(s).
2
Let i(r) be the first derivative of r**4/4 + 2*r**3 + r**2 - 3*r - 13. Give i(-5).
12
Let o(r) = -r + 7. Let b(q) = q**3 - 7*q**2 - 24*q - 54. Let z be b(10). Give o(z).
1
Let q = 0 + 6. Suppose -12 = -q*k + 3*k. Suppose 12 = k*d - d. Let c(r) = 2*r. What is c(d)?
8
Suppose -4*q + 0*q = -20. Let l(n) = -2*n - 6. Let x be l(-5). Let i(w) = 5*w**3 + 4*w + x*w**2 - 10*w**3 + 2 + 4*w**3. What is i(q)?
-3
Suppose 2*o - 2*q + 1 = o, 5*o - 13 = 4*q. Let l(n) = -7*n + 7. What is l(o)?
-28
Let b(q) = -q**2 - 13*q + 28. Let j be b(-15). Let r be 42/(-12)*1*j. Let l(t) = t**3 - 7*t**2 - 8. Give l(r).
-8
Let z(n) = n**3 - 17*n**2 + 14*n + 23. Suppose -1138 = m - 1154. Give z(m).
-9
Let t(s) = 65*s - 7 - 31*s - 33*s. Give t(6).
-1
Let n(w) = 7*w**3 + 7*w**2 - 3*w - 4. Let a(c) = -c - 10. Let l be a(-7). Let s(v) = 4*v**3 + 4*v**2 - 2*v - 2. Let u(p) = l*n(p) + 5*s(p). Calculate u(2).
-12
Let p = 271 + -268. Let x(z) = z**2 + 2*z - 4. Calculate x(p).
11
Let u(y) = 8*y + 268. Let n be u(-33). Let w(r) = -5*r**2 + 2*r + 4. Let k(q) = -5*q + 0*q + 2*q - 3 + 4*q**2. Let i(d) = 3*k(d) + 2*w(d). Determine i(n).
11
Let r(k) = -18*k + 3. Suppose -20*m + 24 = -8*m. Give r(m).
-33
Let j(l) = -7*l**2 - 3*l**2 + 2*l + 1 + 0*l + l**2. Suppose 8 = 3*g - g. Suppose 5*s = 3*f + s + 23, -g*f - 5*s + 21 = 0. What is j(f)?
-10
Let a be (0 + (-7)/56)/(-15). Let c(k) be the third derivative of 1/15*k**5 + 2*k**2 + 2/3*k**3 + 0 + 0*k - a*k**6 + 5/24*k**4. Give c(5).
4
Let i = -37 + 42. Let g(b) = -i*b + 19*b - 13*b + 10. What is g(-9)?
1
Suppose 0 = -5*v + 3*y + 19, 13 = -3*v + 8*v - y. Suppose -k - 3 = -w, 0 = k - 5*k + v*w - 8. Let t(h) = -h**3. What is t(k)?
1
Let j(a) = 0*a**2 + 7*a + 0*a**2 + 2*a**2 + 5. Let o be (1 - -2)*(-21)/(1134/72). Calculate j(o).
9
Let x(g) = 13*g - 4. Let o(u) = -9*u + 2. Let y(i) = 3*o(i) + 2*x(i). Determine y(-12).
10
Let q(v) = -17*v**2 + v**2 + 16*v**2 - v**2 + 3 - 8*v. Calculate q(-6).
15
Let h = -32 - -39. Let m(u) = u**2 - 8*u + 14. Let w be m(h). Let s(o) = -o**2 + 5*o + 9. Determine s(w).
-5
Suppose 3*j - 6 = -12. Let r be -1*j/(-4) + (-6)/12. Let t(y) = 10*y**2. Determine t(r).
10
Let u(i) be the first derivative of 5*i**2/2 - 11*i + 81. What is u(8)?
29
Let w(v) = 2*v + 4. Let c be (-38)/(-14) + (-6)/(-21). Suppose 0 = 6*a - c*a - 12. Suppose 4*i - y + 29 = -0*y, i - a*y = -26. Determine w(i).
-8
Let t(y) = -15 + 12 - 4*y + 5*y. Determine t(1).
-2
Let k be (4/(-1))/((-4)/(-6)). Let i be 2/4*(18 - 18). Let n(d) = -5*d**2 + 4*d**2 + 2*d**2 + 6*d + i*d**2. Determine n(k).
0
Let q(o) = 3*o + 49 - 49. Let b(r) = 2*r**2 + 25*r - 12. Let s be b(-13). Let l be s - (-4 + -1) - 4. Determine q(l).
6
Let u = 112 + -107. Let g(d) = -134*d - u + 269*d - 134*d. Give g(-5).
-10
Let i(z) be the second derivative of 3*z**5/5 + z**4/12 - 7*z**3/6 - 3*z**2 + 14*z. Let u(n) = n**3 - n - 1. Let j(q) = -i(q) + 6*u(q). Give j(1).
-6
Let n be 6/(2*6/(-12)*2). Let q(y) = -y**3 + y**2 + 2*y + 2. What is q(n)?
32
Let t(n) = n - 7. Let y(z) = -z**3 - 6*z**2 + 17*z + 11. Let k be y(-8). Calculate t(k).
-4
Let q(g) = g. Suppose 0 = 4*x + v + 2*v - 4, 0 = 3*x + 2*v - 4. Suppose 5 = 5*y + h - 10, x*h = 0. Determine q(y).
3
Let j = 73 - 7